{"id":41,"date":"2012-05-03T14:56:09","date_gmt":"2012-05-03T12:56:09","guid":{"rendered":"http:\/\/scoutriders.no.web.ip.no\/?page_id=41"},"modified":"2023-07-14T08:35:10","modified_gmt":"2023-07-14T06:35:10","slug":"om-scoutriders","status":"publish","type":"page","link":"https:\/\/scoutriders.no\/?page_id=41","title":{"rendered":"Om"},"content":{"rendered":"<p>Er du, eller har du v\u00e6rt speider &#8211; eller skulle du \u00f8nske at du hadde v\u00e6rt det?<\/p>\n<p>Liker du \u00e5 ferdes i skog og mark, og langs landeveien p\u00e5 MC?<\/p>\n<p>Liker du \u00e5 dra p\u00e5 tur med likesinnede og delta i et sosialt fellesskap hvor speiding og MC st\u00e5r i fokus?<\/p>\n<h1>&#8211; da er scoutriders noe for deg!<\/h1>\n<p><a href=\"http:\/\/scoutriders.no.web.ip.no\/wp-content\/uploads\/2012\/05\/scoutriders_dk_07-014.jpg\"><img loading=\"lazy\" decoding=\"async\" class=\"alignright size-medium wp-image-54\" title=\"Vi viser hvem vi er!\" src=\"http:\/\/scoutriders.no.web.ip.no\/wp-content\/uploads\/2012\/05\/scoutriders_dk_07-014-300x225.jpg\" alt=\"\" width=\"300\" height=\"225\" srcset=\"https:\/\/scoutriders.no\/wp-content\/uploads\/2012\/05\/scoutriders_dk_07-014-300x225.jpg 300w, https:\/\/scoutriders.no\/wp-content\/uploads\/2012\/05\/scoutriders_dk_07-014-460x345.jpg 460w, https:\/\/scoutriders.no\/wp-content\/uploads\/2012\/05\/scoutriders_dk_07-014-688x516.jpg 688w, https:\/\/scoutriders.no\/wp-content\/uploads\/2012\/05\/scoutriders_dk_07-014-160x120.jpg 160w, https:\/\/scoutriders.no\/wp-content\/uploads\/2012\/05\/scoutriders_dk_07-014.jpg 800w\" sizes=\"auto, (max-width: 300px) 100vw, 300px\" \/><\/a><\/p>\n<p>Scoutriders er en MC-klubb for speidere i Norge. Vi har ogs\u00e5 en s\u00f8sterklubb i <a href=\"http:\/\/www.scoutriders.dk\" target=\"_blank\" rel=\"noopener\">Danmark<\/a>. Sammen har vi to store treff i \u00e5ret &#8211; ett i Danmark i begynnelsen av juni og ett i Norge i slutten av august.&nbsp;<\/p>\n<p>Vi arbeider ogs\u00e5 for at medlemmer rundt om i landet samles og drar p\u00e5 tur sammen. Vi deltar ogs\u00e5 p\u00e5 diverse speiderarrangementer og p\u00e5 leire.<\/p>\n<p>Selve ideen til scoutriders kom under en MC-tur som en gjeng speidere gjorde til M\u00f6nchengladbach i Tyskland p\u00e5 begynnelsen av 2000-tallet. Det var s\u00e5 ekstremt artig at vi bestemte oss for \u00e5 fortsette med dette. Etter litt googling fant vi en gjeng danske MCspeidere som kalte seg for SpejderMCtr\u00e6f. Der ble vi mottatt med s\u00e5 mye varme og speideromtanke at vi siden har &laquo;holdt sammen&raquo;. I l\u00f8pet av kort tid endret danskene navnet til scoutriders.dk.<\/p>\n<p>Vi har ogs\u00e5 fors\u00f8kt \u00e5 f\u00e5 med svenskene p\u00e5 ideen, men har ikke f\u00e5tt den store forst\u00e5elsen enn\u00e5&#8230; I England er man derimot interessert s\u00e5 kanskje i l\u00f8pet av noen \u00e5r&#8230;<\/p>\n<p>N\u00e5 gleder vi oss til \u00e5 f\u00e5 deg med!<\/p>\n<p>Vi er registrert i Br\u00f8nn\u00f8ysundregistrene med organisasjonsnummer <a href=\"https:\/\/w2.brreg.no\/enhet\/sok\/detalj.jsp?orgnr=831360402\" target=\"_blank\" rel=\"noopener\">831 360 402<\/a><br \/>\nBankkonto: 1813.34.47489<br \/>\nVipps #815024:<br \/>\n<img loading=\"lazy\" decoding=\"async\" class=\"size-full wp-image-13169 alignnone\" src=\"http:\/\/scoutriders.no\/wp-content\/uploads\/2023\/07\/Vipps-Scoutriders-Norge.jpg\" alt=\"\" width=\"191\" height=\"278\"><\/p>\n<p><a href=\"https:\/\/scoutriders.no\/?page_id=43\">Vedtekter<\/a><br \/>\n<a href=\"https:\/\/scoutriders.no\/?page_id=13068\">Referater<\/a><\/p>\n","protected":false},"excerpt":{"rendered":"<p>Er du, eller har du v\u00e6rt speider &#8211; eller skulle du \u00f8nske at du hadde v\u00e6rt det? Liker du \u00e5 ferdes i skog og mark, og langs landeveien p\u00e5 MC? Liker du \u00e5 dra p\u00e5 tur med likesinnede og delta &hellip; <a href=\"https:\/\/scoutriders.no\/?page_id=41\">Les videre <span class=\"meta-nav\">&rarr;<\/span><\/a><\/p>\n","protected":false},"author":76,"featured_media":0,"parent":0,"menu_order":6,"comment_status":"closed","ping_status":"open","template":"","meta":{"ngg_post_thumbnail":0,"jetpack_post_was_ever_published":false,"footnotes":""},"class_list":["post-41","page","type-page","status-publish","hentry"],"yoast_head":"<!-- This site is optimized with the Yoast SEO plugin v27.5 - https:\/\/yoast.com\/product\/yoast-seo-wordpress\/ -->\n<title>Om - Scoutriders.no<\/title>\n<meta name=\"robots\" content=\"index, follow, max-snippet:-1, max-image-preview:large, max-video-preview:-1\" \/>\n<link rel=\"canonical\" href=\"https:\/\/scoutriders.no\/?page_id=41\" \/>\n<meta property=\"og:locale\" content=\"nb_NO\" \/>\n<meta property=\"og:type\" content=\"article\" \/>\n<meta property=\"og:title\" content=\"Om - Scoutriders.no\" \/>\n<meta property=\"og:description\" content=\"Er du, eller har du v\u00e6rt speider &#8211; eller skulle du \u00f8nske at du hadde v\u00e6rt det? Liker du \u00e5 ferdes i skog og mark, og langs landeveien p\u00e5 MC? Liker du \u00e5 dra p\u00e5 tur med likesinnede og delta &hellip; Les videre &rarr;\" \/>\n<meta property=\"og:url\" content=\"https:\/\/scoutriders.no\/?page_id=41\" \/>\n<meta property=\"og:site_name\" content=\"Scoutriders.no\" \/>\n<meta property=\"article:publisher\" content=\"https:\/\/www.facebook.com\/groups\/91862870526\" \/>\n<meta property=\"article:modified_time\" content=\"2023-07-14T06:35:10+00:00\" \/>\n<meta property=\"og:image\" content=\"http:\/\/scoutriders.no.web.ip.no\/wp-content\/uploads\/2012\/05\/scoutriders_dk_07-014-300x225.jpg\" \/>\n<meta name=\"twitter:card\" content=\"summary_large_image\" \/>\n<meta name=\"twitter:label1\" content=\"Ansl. lesetid\" \/>\n\t<meta name=\"twitter:data1\" content=\"2 minutter\" \/>\n<script type=\"application\/ld+json\" class=\"yoast-schema-graph\">{\"@context\":\"https:\\\/\\\/schema.org\",\"@graph\":[{\"@type\":\"WebPage\",\"@id\":\"https:\\\/\\\/scoutriders.no\\\/?page_id=41\",\"url\":\"https:\\\/\\\/scoutriders.no\\\/?page_id=41\",\"name\":\"Om - Scoutriders.no\",\"isPartOf\":{\"@id\":\"https:\\\/\\\/scoutriders.no\\\/#website\"},\"primaryImageOfPage\":{\"@id\":\"https:\\\/\\\/scoutriders.no\\\/?page_id=41#primaryimage\"},\"image\":{\"@id\":\"https:\\\/\\\/scoutriders.no\\\/?page_id=41#primaryimage\"},\"thumbnailUrl\":\"http:\\\/\\\/scoutriders.no.web.ip.no\\\/wp-content\\\/uploads\\\/2012\\\/05\\\/scoutriders_dk_07-014-300x225.jpg\",\"datePublished\":\"2012-05-03T12:56:09+00:00\",\"dateModified\":\"2023-07-14T06:35:10+00:00\",\"breadcrumb\":{\"@id\":\"https:\\\/\\\/scoutriders.no\\\/?page_id=41#breadcrumb\"},\"inLanguage\":\"nb-NO\",\"potentialAction\":[{\"@type\":\"ReadAction\",\"target\":[\"https:\\\/\\\/scoutriders.no\\\/?page_id=41\"]}]},{\"@type\":\"ImageObject\",\"inLanguage\":\"nb-NO\",\"@id\":\"https:\\\/\\\/scoutriders.no\\\/?page_id=41#primaryimage\",\"url\":\"http:\\\/\\\/scoutriders.no.web.ip.no\\\/wp-content\\\/uploads\\\/2012\\\/05\\\/scoutriders_dk_07-014-300x225.jpg\",\"contentUrl\":\"http:\\\/\\\/scoutriders.no.web.ip.no\\\/wp-content\\\/uploads\\\/2012\\\/05\\\/scoutriders_dk_07-014-300x225.jpg\"},{\"@type\":\"BreadcrumbList\",\"@id\":\"https:\\\/\\\/scoutriders.no\\\/?page_id=41#breadcrumb\",\"itemListElement\":[{\"@type\":\"ListItem\",\"position\":1,\"name\":\"Hjem\",\"item\":\"https:\\\/\\\/scoutriders.no\\\/\"},{\"@type\":\"ListItem\",\"position\":2,\"name\":\"Om\"}]},{\"@type\":\"WebSite\",\"@id\":\"https:\\\/\\\/scoutriders.no\\\/#website\",\"url\":\"https:\\\/\\\/scoutriders.no\\\/\",\"name\":\"Scoutriders.no\",\"description\":\"MC-klubben for speidere\",\"publisher\":{\"@id\":\"https:\\\/\\\/scoutriders.no\\\/#organization\"},\"potentialAction\":[{\"@type\":\"SearchAction\",\"target\":{\"@type\":\"EntryPoint\",\"urlTemplate\":\"https:\\\/\\\/scoutriders.no\\\/?s={search_term_string}\"},\"query-input\":{\"@type\":\"PropertyValueSpecification\",\"valueRequired\":true,\"valueName\":\"search_term_string\"}}],\"inLanguage\":\"nb-NO\"},{\"@type\":\"Organization\",\"@id\":\"https:\\\/\\\/scoutriders.no\\\/#organization\",\"name\":\"Scoutriders Norge\",\"url\":\"https:\\\/\\\/scoutriders.no\\\/\",\"logo\":{\"@type\":\"ImageObject\",\"inLanguage\":\"nb-NO\",\"@id\":\"https:\\\/\\\/scoutriders.no\\\/#\\\/schema\\\/logo\\\/image\\\/\",\"url\":\"https:\\\/\\\/scoutriders.no\\\/wp-content\\\/uploads\\\/2016\\\/03\\\/NO.jpg\",\"contentUrl\":\"https:\\\/\\\/scoutriders.no\\\/wp-content\\\/uploads\\\/2016\\\/03\\\/NO.jpg\",\"width\":198,\"height\":198,\"caption\":\"Scoutriders Norge\"},\"image\":{\"@id\":\"https:\\\/\\\/scoutriders.no\\\/#\\\/schema\\\/logo\\\/image\\\/\"},\"sameAs\":[\"https:\\\/\\\/www.facebook.com\\\/groups\\\/91862870526\"]}]}<\/script>\n<!-- \/ Yoast SEO plugin. -->","yoast_head_json":{"title":"Om - Scoutriders.no","robots":{"index":"index","follow":"follow","max-snippet":"max-snippet:-1","max-image-preview":"max-image-preview:large","max-video-preview":"max-video-preview:-1"},"canonical":"https:\/\/scoutriders.no\/?page_id=41","og_locale":"nb_NO","og_type":"article","og_title":"Om - Scoutriders.no","og_description":"Er du, eller har du v\u00e6rt speider &#8211; eller skulle du \u00f8nske at du hadde v\u00e6rt det? Liker du \u00e5 ferdes i skog og mark, og langs landeveien p\u00e5 MC? Liker du \u00e5 dra p\u00e5 tur med likesinnede og delta &hellip; Les videre &rarr;","og_url":"https:\/\/scoutriders.no\/?page_id=41","og_site_name":"Scoutriders.no","article_publisher":"https:\/\/www.facebook.com\/groups\/91862870526","article_modified_time":"2023-07-14T06:35:10+00:00","og_image":[{"url":"http:\/\/scoutriders.no.web.ip.no\/wp-content\/uploads\/2012\/05\/scoutriders_dk_07-014-300x225.jpg","type":"","width":"","height":""}],"twitter_card":"summary_large_image","twitter_misc":{"Ansl. lesetid":"2 minutter"},"schema":{"@context":"https:\/\/schema.org","@graph":[{"@type":"WebPage","@id":"https:\/\/scoutriders.no\/?page_id=41","url":"https:\/\/scoutriders.no\/?page_id=41","name":"Om - Scoutriders.no","isPartOf":{"@id":"https:\/\/scoutriders.no\/#website"},"primaryImageOfPage":{"@id":"https:\/\/scoutriders.no\/?page_id=41#primaryimage"},"image":{"@id":"https:\/\/scoutriders.no\/?page_id=41#primaryimage"},"thumbnailUrl":"http:\/\/scoutriders.no.web.ip.no\/wp-content\/uploads\/2012\/05\/scoutriders_dk_07-014-300x225.jpg","datePublished":"2012-05-03T12:56:09+00:00","dateModified":"2023-07-14T06:35:10+00:00","breadcrumb":{"@id":"https:\/\/scoutriders.no\/?page_id=41#breadcrumb"},"inLanguage":"nb-NO","potentialAction":[{"@type":"ReadAction","target":["https:\/\/scoutriders.no\/?page_id=41"]}]},{"@type":"ImageObject","inLanguage":"nb-NO","@id":"https:\/\/scoutriders.no\/?page_id=41#primaryimage","url":"http:\/\/scoutriders.no.web.ip.no\/wp-content\/uploads\/2012\/05\/scoutriders_dk_07-014-300x225.jpg","contentUrl":"http:\/\/scoutriders.no.web.ip.no\/wp-content\/uploads\/2012\/05\/scoutriders_dk_07-014-300x225.jpg"},{"@type":"BreadcrumbList","@id":"https:\/\/scoutriders.no\/?page_id=41#breadcrumb","itemListElement":[{"@type":"ListItem","position":1,"name":"Hjem","item":"https:\/\/scoutriders.no\/"},{"@type":"ListItem","position":2,"name":"Om"}]},{"@type":"WebSite","@id":"https:\/\/scoutriders.no\/#website","url":"https:\/\/scoutriders.no\/","name":"Scoutriders.no","description":"MC-klubben for speidere","publisher":{"@id":"https:\/\/scoutriders.no\/#organization"},"potentialAction":[{"@type":"SearchAction","target":{"@type":"EntryPoint","urlTemplate":"https:\/\/scoutriders.no\/?s={search_term_string}"},"query-input":{"@type":"PropertyValueSpecification","valueRequired":true,"valueName":"search_term_string"}}],"inLanguage":"nb-NO"},{"@type":"Organization","@id":"https:\/\/scoutriders.no\/#organization","name":"Scoutriders Norge","url":"https:\/\/scoutriders.no\/","logo":{"@type":"ImageObject","inLanguage":"nb-NO","@id":"https:\/\/scoutriders.no\/#\/schema\/logo\/image\/","url":"https:\/\/scoutriders.no\/wp-content\/uploads\/2016\/03\/NO.jpg","contentUrl":"https:\/\/scoutriders.no\/wp-content\/uploads\/2016\/03\/NO.jpg","width":198,"height":198,"caption":"Scoutriders Norge"},"image":{"@id":"https:\/\/scoutriders.no\/#\/schema\/logo\/image\/"},"sameAs":["https:\/\/www.facebook.com\/groups\/91862870526"]}]}},"jetpack_sharing_enabled":true,"_links":{"self":[{"href":"https:\/\/scoutriders.no\/index.php?rest_route=\/wp\/v2\/pages\/41","targetHints":{"allow":["GET"]}}],"collection":[{"href":"https:\/\/scoutriders.no\/index.php?rest_route=\/wp\/v2\/pages"}],"about":[{"href":"https:\/\/scoutriders.no\/index.php?rest_route=\/wp\/v2\/types\/page"}],"author":[{"embeddable":true,"href":"https:\/\/scoutriders.no\/index.php?rest_route=\/wp\/v2\/users\/76"}],"replies":[{"embeddable":true,"href":"https:\/\/scoutriders.no\/index.php?rest_route=%2Fwp%2Fv2%2Fcomments&post=41"}],"version-history":[{"count":9,"href":"https:\/\/scoutriders.no\/index.php?rest_route=\/wp\/v2\/pages\/41\/revisions"}],"predecessor-version":[{"id":13170,"href":"https:\/\/scoutriders.no\/index.php?rest_route=\/wp\/v2\/pages\/41\/revisions\/13170"}],"wp:attachment":[{"href":"https:\/\/scoutriders.no\/index.php?rest_route=%2Fwp%2Fv2%2Fmedia&parent=41"}],"curies":[{"name":"wp","href":"https:\/\/api.w.org\/{rel}","templated":true}]}}